m) = -3*m**3 + 34*m**2 - 27*m + 24. What is the remainder when 1737 is divided by l(9)?
345
Let z = 113 - 98. Suppose z*s = 23*s - 264. Calculate the remainder when 51 is divided by s.
18
Let k(y) = 18*y**2 - 2*y + 7. Let o be k(4). Let x = o + -124. Calculate the remainder when x is divided by 11.
9
Let l be 0/((-4)/(-12)*3). Suppose -3 = -q + 3*m + 1, 2*q - 3*m - 5 = l. Calculate the remainder when 18 is divided by q/(-3 + 102/33).
7
Suppose -4 = 5*m + 1. Let f = -128610 + 128771. What is the remainder when f is divided by 18*(3 + (m - -1))?
53
Suppose 37*a = 21365 + 4424. Calculate the remainder when a is divided by 176.
169
Let t(b) = b**2 + 13*b. Let n be t(-13). Suppose 4*s - x + 5*x = 288, -x - 1 = n. Calculate the remainder when s is divided by 26.
21
Suppose -10*a + 1895 = -5*a. Suppose -305 = -19*u + a. What is the remainder when 718 is divided by u?
34
Let m be (-112)/(-10) - -3 - (-3)/(-15). Let a(j) = j + 5. Let v(q) = q**2 - 9*q + 5. Calculate the remainder when a(m) is divided by v(9).
4
Suppose 12*b - 3*s - 1792 = 8*b, -2*s = 0. What is the remainder when b is divided by 65?
58
Suppose 68*i = 63*i - 8*m + 804, -3*i + 456 = -4*m. Calculate the remainder when 630 is divided by i.
6
Let o = -5944 - -5982. Calculate the remainder when 774 is divided by o.
14
Suppose 91*z = 62*z + 41238. Calculate the remainder when z is divided by 472.
6
Let q = 75220 + -75168. Let h(l) = 2*l**3 - 3*l**2 - 3*l - 4. Suppose -6 = -2*t + n, 2*t + 5*n = -2 + 8. What is the remainder when q is divided by h(t)?
10
Let p be (-8)/(-6)*(-27)/(-18). Suppose 2*s - 10 = -p. What is the remainder when 46 is divided by 27 - (2 - s - -5)?
22
Suppose 0 = v + 10*z - 6*z + 76, 4*z = -16. What is the remainder when v*-6*1/10 is divided by 34?
2
Let g = 17 - 15. Suppose 3*x = -g*p + 10, 2*p + 2*x - 8 = -0*p. Suppose 28 = t + 3*k, 2*t + 32 = 4*t - p*k. Calculate the remainder when 112 is divided by t.
17
Let s(r) = -2*r**3 - 1. Let j be s(-1). Suppose 0 = 5*b + 6 - j, -2*b + 30 = t. Let u = -201 + 327. Calculate the remainder when u is divided by t.
30
Let o = -22430 + 22484. Calculate the remainder when 156 is divided by o.
48
Suppose -3*v - 2999 = -f, -26*f + 25*f + 2*v = -2997. Calculate the remainder when f is divided by 7.
4
Let u(y) = 9*y**2 + 4*y + 26. Calculate the remainder when u(9) is divided by 42.
35
Let j = -747 + 792. Calculate the remainder when 3572 is divided by j.
17
Suppose 1659 = 44*n - 37*n. What is the remainder when n is divided by 34*((-11 - -5) + 7)*1?
33
Suppose 306*y - 300*y = 186. What is the remainder when y is divided by 14?
3
Suppose -4*l = 8*a - 11*a + 7, 0 = -a - 3*l + 11. Let w = -77 - -129. Suppose q - a*q = -w. What is the remainder when 36 is divided by q?
10
Let k(x) = 656*x + 2. Suppose -5*a + 8 = 3*a. What is the remainder when k(a) is divided by 12?
10
Let y = -1740 + 3030. Suppose -150 = -4*j + y. What is the remainder when j is divided by 14?
10
Let c(p) = 3*p**2 + 5*p - 27. Let i(h) = -h**3 - 3*h**2 + 16*h + 21. Let u be i(-5). Calculate the remainder when c(u) is divided by 43.
42
Calculate the remainder when 214 is divided by 11 + (-12 + 1729/(-52))*-4.
22
Calculate the remainder when 657 is divided by 282/5 - 360/900.
41
Let s(m) = 50*m + 5. Suppose 0 = x - p - p - 3, -3 = 3*p. Let w be s(x). Let i = -25 + w. Calculate the remainder when i is divided by 17.
13
Suppose -1 = -t, 0 = 5*p - 4*t + t + 3. Suppose -25*x + 30*x - 275 = p. What is the remainder when 43 is divided by (x/20 + 1)*4?
13
Let g be -7 + (1 - 1)/(-2). Let d be 20/12*9*g. Let k = d - -153. What is the remainder when 91 is divided by k?
43
Let u(x) = 4*x**2 - 16*x - 10. Suppose -72 = 23*a - 35*a. Calculate the remainder when 54*40/15*(-1)/(-2) is divided by u(a).
34
Let i(a) = 9*a**2 + 547*a + 1094. What is the remainder when 365 is divided by i(-2)?
5
Suppose 18 = -z + 4*z. Suppose o - 315 = z. Let r = o - 198. Calculate the remainder when r is divided by 25.
23
Let v be (-195)/6 + (-2)/(-4). What is the remainder when v/(-3) + 1/3 is divided by 2074/61 + (-8 - 20)?
5
Let h(l) = 3*l**2 + 54*l + 110. Calculate the remainder when h(-18) is divided by 5.
0
Suppose 2*m + 4*f - 50 = 0, 4*m - f = f + 50. Suppose 10 = 16*k - m*k. What is the remainder when k is divided by 21*(2 + (-10)/6)?
3
Suppose -303*i + 967074 = -125*i. Calculate the remainder when i is divided by 36.
33
Let z(c) be the first derivative of -2*c**3/3 + c**2/2 + c + 5. Let a be z(3). Calculate the remainder when 54 is divided by -17 - a - ((-42)/2 + -1).
16
Suppose 8*v = 249 - 41 + 1248. Calculate the remainder when v is divided by 79.
24
Suppose 0 = -3*x + 2*m + 2701, 0 = m - 0 - 4. What is the remainder when x is divided by 76?
67
What is the remainder when (-5*5489/44)/(25/(-60)) is divided by 62?
9
Let l = -6543 - -6695. What is the remainder when 473 is divided by l?
17
Let n = -31 + 32. Let x(u) = -u**3 + 2*u - 1. Let a be x(n). Suppose 0*i + 2*i - 22 = a. What is the remainder when 53 is divided by i?
9
Let c = 17 + -17. Suppose -53*i + 56*i + 72 = c. Calculate the remainder when 162 is divided by ((-4)/(-6))/(i/(-1188)).
30
Let c be 15/5 + -3 - (-156)/6. Suppose -16*o - 1320 = -c*o. Calculate the remainder when o is divided by 37.
21
Let n(q) = 23*q - 13. Let u be n(6). Let o = u + -83. Suppose 25*v = 28*v - o. What is the remainder when 69 is divided by v?
13
What is the remainder when 5711 is divided by 8/(-12)*-591*(290/(-20) + 15)?
195
Suppose 3*r + 1 = 2*b, 20 = 3*r + 2*r + b. Suppose -4*x = -l + 13, -3*l + r*x = 7*x - 23. What is the remainder when l is divided by 6?
3
Let q(u) = u**2 + 10*u + 2 - 8 - 6 - 17. Suppose -6*h = -265 - 41. What is the remainder when h is divided by q(-14)?
24
Let x(f) = -11*f + 60. Let y be x(5). Suppose 2*p = 2*k + 604, 4*p = y*p - 5*k - 302. Calculate the remainder when p is divided by 51.
47
Calculate the remainder when (1031 - 1025)*86/6 is divided by -1*2*22/(-4).
9
Suppose 0 = 22*h - 1783 - 10065 - 780. Calculate the remainder when h is divided by 180.
34
Let n(p) = -63*p**3 + 3*p**2 + 12*p + 15. Calculate the remainder when 274 is divided by n(-1).
67
What is the remainder when (1 + 0)*3 + 3687 + -620 is divided by 68?
10
Let x(c) = -3*c + 7. Let q be x(-3). Let b = -151 - -174. Suppose -r = -q - b. Calculate the remainder when r is divided by 10.
9
Let g = -9 + 13. Suppose 37 + 63 = -5*w. Let l = w - -28. Calculate the remainder when l is divided by g.
0
Suppose 0 = -0*i + 3*i - 135. Let r be ((-5)/(-2))/((-3)/(-6)). Suppose m = 5*h + r*m - 64, 4*h = 3*m + i. Calculate the remainder when h is divided by 5.
2
Let g(z) = -338*z + 141. What is the remainder when g(-4) is divided by 83?
82
Suppose 4*r - 5*s - 130 = 83, r + 2*s - 50 = 0. Calculate the remainder when 283 is divided by r.
23
What is the remainder when ((28/21)/(2/597))/((-3)/(-3)) is divided by 134?
130
Suppose -49*z - 28979 = -31478. What is the remainder when 180 is divided by z?
27
Suppose -36*z + 33*z + 66 = 0. Suppose h = 5*j + 284, -4*h + j + 424 = -712. What is the remainder when h is divided by z?
20
Let s(i) be the second derivative of 2*i**3/3 + 5*i**2/2 - 2*i. Let d = -1588 - -1605. What is the remainder when s(7) is divided by d?
16
Let y(s) = -447*s + 2257. Calculate the remainder when 1715 is divided by y(5).
21
Suppose -4*r + 7*r + 12 = 0. Let h = 15 + r. Let g = -4394 - -4434. What is the remainder when g is divided by h?
7
Let m = -4720 - -4726. Let u be (-14)/(-21) + 17/(-3). Let a(o) = -6*o - 3. What is the remainder when a(u) is divided by m?
3
Let o(v) = 15*v + 220. Let x be o(-15). Let r(d) = -d**2 - 5*d + 8. Calculate the remainder when 76 is divided by r(x).
4
Let w = 2237 - -492. Calculate the remainder when w is divided by 65.
64
Suppose -5*l + 1049 = 2*b, -5*b + 2563 = 207*l - 203*l. Calculate the remainder when b is divided by 29.
14
Let p = 597 - 583. Calculate the remainder when 24/84 + (-1)/((-7)/1055) is divided by p.
11
Suppose 0 = 2*j - 6*j - 1241 + 1637. What is the remainder when 386 is divided by j?
89
Let h(o) = -o**2 + 30*o + 5. Let k be h(30). Suppose 10 = 3*p + 2*z - 25, 2*p = -k*z + 5. Calculate the remainder when 73 is divided by p.
13
Suppose 2*b = 6*b - 12. Suppose -2*z + 4136 = 2*z - 2*c, -b*z = 3*c - 3102. What is the remainder when